 = -375. What is the tens digit of p?
9
Suppose 0 = -4*l - 28, -5*y - 848*l = -847*l - 319003. What is the tens digit of y?
0
Let f be 21/(-49) - (219/(-21) - 0). Suppose -12*k = -f*k - 12. Suppose x - 5*c = k*x - 500, x - 3*c = 112. What is the hundreds digit of x?
1
Suppose 4*x + 5*o - 35 = 0, 3*x - 2*x - 4*o + 7 = 0. Suppose x = -l + 10. Suppose 600 = 5*i + 2*u, l*i + 2*u + u - 600 = 0. What is the hundreds digit of i?
1
Let b = 9357 - 3758. What is the thousands digit of b?
5
Let c = -454 - -470. Suppose 0 = 33*s - c*s - 12988. What is the tens digit of s?
6
Suppose 39*r = 42*r, -2*k = -2*r - 98378. What is the thousands digit of k?
9
What is the thousands digit of (-733 - -2 - -3)*(-110)/40?
2
Suppose 0 = -28*l - 0. Suppose -30*r - 2*r + 9984 = l. What is the hundreds digit of r?
3
Suppose 0 = -k + 3, -4*x + 5*k + 4 = -1. Let z(w) = 59*w + 93. What is the hundreds digit of z(x)?
3
Let r be (-12*(-12)/(-18))/((-2)/27). What is the units digit of (2511/r)/(6/32)?
4
What is the thousands digit of 34596 + -1 + 7*68/(-119)?
4
Let i = 616 - 110. Suppose 8*c + 2*u = 4*c - i, 0 = -c - u - 124. Let k = 356 + c. What is the hundreds digit of k?
2
Suppose -3*j + w = -0*w - 4598, 0 = -3*j - 3*w + 4590. What is the units digit of (-1)/(2 + j/(-764))?
1
Let c(p) = -p**3 + 9*p**2 - 9*p + 2. Let u be c(7). Suppose -2*n = -d + 3*n + 152, -d - n + 152 = 0. Suppose 5*r + u = d. What is the tens digit of r?
2
Suppose 2*c - 39 = -c. Suppose 5*s = -4*w + c, -4*w - w = -s + 20. Suppose -394 = -4*b + g - 2*g, 2*b = s*g + 186. What is the tens digit of b?
9
Suppose 0 = -2*v + 3*s - 5, -13*s = -v - 12*s - 1. Suppose x - 1230 = -2*q + 545, -v*x = -q + 900. What is the units digit of q?
0
Let b(l) = -l**3 - 9*l**2 - 2*l - 2. Let d be b(-9). Let c = 147 - -197. Suppose -d*w + c = -8*w. What is the tens digit of w?
4
Let x(f) = 124*f**2 - 159*f + 10. What is the tens digit of x(-8)?
1
Suppose -228 = 45*k - 48*k. Let c = -76 + k. What is the tens digit of 102 + (c + -2)*1?
0
Let z = -138 + 200. Let j = z - 60. Suppose 0*w + 134 = j*w. What is the units digit of w?
7
Let f(q) = 2*q**3 - 28*q**2 - 4*q + 36. Let c be f(14). What is the thousands digit of 1587*(c/15 + 2)?
1
Suppose -30*h + 61269 + 41871 = 0. Let o = h - 2443. What is the hundreds digit of o?
9
Let w(a) = 799*a - 701. What is the units digit of w(52)?
7
What is the thousands digit of 87436/8 - (4/(-12))/((-4)/(-6))?
0
Let p = 698 + 289. Let d = p + -335. What is the hundreds digit of d?
6
Suppose 2*l + 4*l = 54. Suppose 5*z = 5, -5*r + 11*z = l*z + 17. What is the tens digit of (-34 - -17)*(r - 1)?
6
Let l(z) = z**3 + 2*z**2 + 4*z - 4. Let v be l(2). Suppose 4*c = 3*f - 55, f + 44 = -2*c - 3*f. Let i = v - c. What is the tens digit of i?
3
Let s = 24 + -35. Suppose 6*i - 415 = 3*f - 88, -3*f + 21 = 0. Let m = i + s. What is the units digit of m?
7
Let g(u) = 12476*u**3 - 4*u**2 - 4*u + 5. What is the ten thousands digit of g(1)?
1
Suppose 0 = -12*y - 48 - 24. What is the tens digit of (4/y)/((-4)/3330)?
5
Suppose k = 4*n - 10 - 15, 5*k - 4*n + 109 = 0. What is the units digit of (-23102)/k + (-22)/231?
0
Let m be (-1)/2*4 - -8. Suppose 11*d - m*d = 85. Let a = 19 - d. What is the units digit of a?
2
Let f be (-6513)/(-5) + 49/35. Let b = f + -846. What is the tens digit of b?
5
Suppose d + 3*c = 0, d + 5*c + 37 - 39 = 0. What is the units digit of -8*1*(20 - 36) - d?
1
Suppose -224 = -5*x + 36. Let p = x - -86. What is the tens digit of p?
3
Let l(r) = -r**3 - 5*r**2 + 8*r + 14. Let f be l(-6). Suppose -2*o - 2*h + h = -13, f*o + 4*h = 10. Suppose 3*z = o*z - 52. What is the tens digit of z?
1
Let t = 698 - 522. Suppose 1302 = 3*w - 4*o - t, -w + 3*o = -496. What is the tens digit of w?
9
Suppose h = 12*c - 7*c + 36989, 185127 = 5*h + c. What is the hundreds digit of h?
0
Suppose -2*r = i - 5*i + 6, -r = 3*i - 12. Suppose -4*o + r*d = -343, -4*d = o - 84 + 3. Let z = o + 65. What is the units digit of z?
0
Let b = 733 - 1227. Let g = b + 562. What is the tens digit of g?
6
Let f(q) be the second derivative of -11*q - 1/20*q**5 + q**4 + 0 + 4*q**2 - 13/6*q**3. What is the tens digit of f(10)?
7
Suppose -86*l + 92*l - 288 = 0. Let a = 442 - l. What is the tens digit of a?
9
What is the tens digit of 13069/6 + 60/40 + 15/(-9)?
7
Suppose 86 = -5*x - 59. Let h = x + 33. What is the tens digit of (68 - 2) + h/1?
7
What is the tens digit of 4114546/2286 + 1/9?
0
Let q = 12054 - 7198. What is the hundreds digit of q?
8
Suppose -2*v = -4, 64 = -q + v + 7. Let o = q + 79. Suppose -s = -4*s + o. What is the units digit of s?
8
Let x(s) = 38063*s**3 - 2*s**2 - 76*s + 78. What is the units digit of x(1)?
3
Let g be (-4)/(-14) - (-80)/(-280). Suppose -6*b + 8*b - 404 = g. What is the tens digit of b?
0
Let g(h) = h**2 + 8*h + 10. Let x be g(-6). Let j be 678/((-9)/3) - x. Let w = 39 - j. What is the tens digit of w?
6
Let o(k) = 584*k + 13. Let p(d) = 5254*d + 116. Let n(i) = -57*o(i) + 6*p(i). What is the units digit of n(-1)?
9
Let x(t) = -47*t**2 + 5*t**2 - t + 3*t + 16. Let w be x(8). What is the units digit of w/(-28) + (-3)/(-21)?
5
Let i = 4552 - 765. Let g = -2630 + i. What is the tens digit of g?
5
Let n(s) = 56*s**2 - s - 10. Let q(j) = -3*j + 6. Let a be q(1). What is the tens digit of n(a)?
9
Let i(j) = -j**2 - 9*j - 1. Let r be i(-11). Let l = 27 + r. Suppose -l*g = -6*g + 96. What is the units digit of g?
8
Suppose -34*u = -655115 - 503843. What is the thousands digit of u?
4
Suppose 268425 = 62*r - 282571 - 13328. What is the units digit of r?
2
Let y be 2085/(-6)*56/(-20). Let d = y + -661. What is the tens digit of d?
1
Let n = -512 - -33739. What is the thousands digit of n?
3
Let k(r) be the third derivative of 1/60*r**5 + 0 - 10/3*r**3 + 1/24*r**4 + 34*r**2 + 0*r. What is the tens digit of k(12)?
3
Let q(u) = 8*u + 28. Let c be q(-4). Let s = c + 91. What is the tens digit of s?
8
Suppose -4820 = -9*a + 13*a. Let z = 2023 + a. What is the hundreds digit of z?
8
Let y(r) = r + 26. Suppose 3*c = 4*l - 2, 2*c + 3*l = 6 + 4. Suppose -4*d = c*v - 48, -4*d = 5*v + 71 - 185. What is the units digit of y(v)?
8
Suppose 15*i - 16*i + 121582 = 4*z, z = 4*i + 30387. What is the ten thousands digit of z?
3
Suppose -2*m + 10 = 0, -3*m - 3 = -5*z + 7. Let s(i) = -i**3 + 4*i**2 - 5*i + 6. Let k be s(z). Let q = k - -102. What is the tens digit of q?
5
Let i(f) = 2*f**3 - 46*f**2 + 45*f - 34. Let x be i(22). Let h = x + 262. What is the tens digit of h?
5
Let w = -244 - -244. Let y be 10/1 + (-1 - 0). Suppose w = -0*d - y*d + 774. What is the units digit of d?
6
Let v be (5 + 133/3)/(2/(-6)). Let z = -86 - v. What is the tens digit of z?
6
Let s be ((-2)/(-5))/(14/(-5) + 3). Suppose -4*i - s*v = -26, -3*i + 5*v - 4 + 56 = 0. What is the units digit of i?
9
Let h(r) = -r - 9. Let q be h(-12). Suppose -2*b + 4*j = 222, -q*j = 3*b + 194 + 184. What is the units digit of -5 - (-2 + 1) - b?
7
Suppose -3*s - 12*s = 13*s - 682276. What is the units digit of s?
7
Let s = 129779 - 60131. What is the thousands digit of s?
9
Let j(g) = 254*g**3 - 14*g**2 - 3*g + 218. What is the units digit of j(5)?
3
Let b(s) = -125*s + 135. What is the tens digit of b(-6)?
8
Suppose 31*l + 609856 = 95*l. What is the units digit of l?
9
Let u be (1 - (-10)/(-6))/(7/(-21)). Suppose 0 = -8*a + u*a - 36. Let z = a + 23. What is the tens digit of z?
1
Suppose 3*y + 26 - 2 = -3*a, 5*y + 36 = -3*a. Let x be -4 - y - (-16)/(-4 - -2). What is the units digit of (111 - 0)*(-6)/x?
1
Let b = 93 + -33. Suppose 15*r - 19*r = b. Let g = r + 69. What is the units digit of g?
4
Suppose 3*q = q + 36. Let v(l) = -4*l**2 - 14 - l - q + 2*l**3 - 3*l + 28. What is the units digit of v(4)?
4
Suppose -2*z = 380 - 3922. Suppose -b + 2363 = 4*r, 3*r - 18*b = -20*b + z. What is the tens digit of r?
9
Suppose -9 = -2*u - 5*q, 4*u - q = 3*u + 1. Suppose -h = -5*d - 547, h = -u*d + 6*d + 543. What is the tens digit of h?
2
Suppose 3*j - c - 73 = -0*j, 2*c = -8. Suppose 4*g + j = -1. What is the tens digit of (g/(-18))/((-2)/(-342))?
5
Let d(n) = 48*n**3 - 10*n**2 + 69*n + 41. What is the hundreds digit of d(6)?
4
Suppose -7*n + 451 + 326 = 0. Let b = n - -456. What is the hundreds digit of b?
5
Let o(p) = -546*p**3 - p**2 + 7*p + 11. What is the thousands digit of o(-